uppose 5*c = 3*c - 10, 0 = z + 3*c + 22. Let l(a) = -2*a**3 + 8*a**2 - a + 2. Let p(y) = -y**3 - y. Let h(u) = l(u) - 3*p(u). Is h(z) a composite number?
False
Is ((-8)/(-32))/(3/(-24)) - -3835 prime?
True
Let v(n) be the first derivative of 128*n**2 + n - 1. Let g be 4/18 + (-7)/(-9). Is v(g) a prime number?
True
Is (-6 - 38679/(-3)) + 6 a composite number?
False
Let a be 182/4 - 8/(-16). Let q = a + -15. Suppose 0 = -t - 2*f + 110 + q, 4*t + 3*f = 544. Is t composite?
True
Let z = 91677 + -55424. Is z composite?
True
Suppose 6 = -k + 3*k. Let b(z) = 24*z**3 - 2*z**2 + 2*z - 5. Is b(k) a prime number?
True
Suppose 10*f - 1523 - 737 = 0. Is f composite?
True
Let k be (-10)/40 - (-255)/(-4). Let f = 98 + k. Is f a prime number?
False
Suppose g + 9495 = i + 2351, 3*g - 14268 = -2*i. Let m = -2916 + i. Suppose 179 = -5*z + m. Is z prime?
True
Let h(s) be the third derivative of -3*s**8/2240 - s**7/420 + s**6/240 + 7*s**5/120 - s**4/12 + s**2. Let l(f) be the second derivative of h(f). Is l(-5) prime?
True
Let p = 74 - 76. Is (1673/p)/(29/(-58)) a prime number?
False
Suppose -5*l - 20 = -3*i, -3*i = 2*l + 11 - 3. Let q(n) = -2*n - 5. Let f be q(l). Suppose 2*j - 246 = -f*y - y, 0 = -5*j + 5*y + 675. Is j composite?
False
Let t(b) = -b**2 + 16*b. Let p = -19 - -41. Suppose 2*r + 0*r = p. Is t(r) a composite number?
True
Let i(c) = 90*c**2 - 22*c - 15. Is i(-8) composite?
True
Is 317*-9*(-6 + (-17)/(-3)) prime?
False
Let c = -125 + 143. Is 3/(c/(-4))*(-43236)/8 a prime number?
False
Suppose -88 = -3*c + 5*s, -5*c + c + 2*s + 94 = 0. Is (-3)/(-21) - (-11694)/c composite?
False
Is 2/3 + (-228776)/(-24) a prime number?
True
Let u(q) = 344*q**2 + 10*q - 65. Is u(6) a composite number?
False
Suppose 3 = -8*w + 9*w. Suppose p = -w*s - 2*p + 2070, 3*s - 4*p - 2098 = 0. Is s a composite number?
True
Let p be 3962/5 - 10/25*1. Let k = p - -457. Is k composite?
False
Suppose 7 - 25 = -6*p. Suppose -p*h = 3*m - 336, h - 3*m + 221 = 3*h. Is h prime?
False
Is 98/(-147) + (-161)/(-3) a prime number?
True
Let k be (24/5)/((-16)/(-18600)). Suppose -3*t - g - 4195 = -6*t, -4*t = 2*g - k. Is t a prime number?
False
Let v be (-5)/(105/(-6))*14. Suppose r + 2*g - 5 - 5 = 0, -g = -3*r - 5. Suppose 3*t - 145 = -v*w, r*w - 5*w - 265 = -5*t. Is t a prime number?
False
Let h(g) = 2*g**3 + 3*g**2 - g + 23399. Is h(0) a composite number?
False
Let u = -12273 + 29824. Is u composite?
False
Let b be (7/3)/(1/(-15)). Let f be ((-164)/14)/(5/b). Suppose -2*n - 4*a + 37 = -121, n + a = f. Is n prime?
False
Let n be (1*(3 - 3))/(-4). Suppose 9216 = -2*k + 4*k + a, 3*a = n. Suppose 0 = 4*b - 4, -k = -6*o + 3*o - 3*b. Is o a composite number?
True
Let a(p) = -p**3 + 21*p**2 + p - 8. Let f be a(14). Suppose -f = -4*g - 2*j, g + 2*j = 4*j + 357. Is g composite?
False
Suppose -24*l = -25*l + 5. Suppose 5*i = -2*t + 7395, -i = -l*t + t - 1501. Is i a prime number?
True
Suppose -4312 = -5*b + r, -5*b + 2*r = -r - 4316. Let k = b - 145. Is k composite?
True
Let f(h) = h**3 + 6*h**2 + 5*h + 2. Let l be f(-5). Let n be 360/l - 0/5. Let d = n + 7. Is d a composite number?
True
Let v = 185 + -116. Let b = 386 - v. Is b a composite number?
False
Suppose 85 = -5*r + 15. Let a be (-12192)/(-56) + (-4)/r. Suppose 17 + a = c. Is c composite?
True
Let s(v) = 122*v**2 - 9*v - 215. Is s(-12) prime?
False
Let w be 76/24 - (-2)/(-12). Let r be (-131)/2 - w/6. Let l = -35 - r. Is l prime?
True
Suppose 12*t - 1011 = 9*t. Let a = 514 - t. Is a prime?
False
Is 340598/6 - 274/(-411) a composite number?
False
Suppose 0 = 5*g + 1122 - 7507. Is g composite?
False
Let c be 12/8*(-10)/(-3). Suppose -5*d + 5*q = -5330, c*q - 1268 = 2*d - 3415. Is d prime?
True
Suppose -4*h = -10*h + 6906. Is h a composite number?
False
Suppose 8 + 4 = -x - 3*i, 3*x + 4*i + 31 = 0. Let g = -5 - x. Suppose g*h = 11 + 65. Is h a prime number?
True
Let z = -7009 + 10368. Is z a composite number?
False
Let m be 3 - 0/((-3)/1). Let o(w) = -w**2 + 8*w - 5. Let i be o(7). Suppose i*l = -0*l + 3*r + 605, 2*r - 927 = -m*l. Is l a prime number?
True
Let v(c) = 84*c**3 - 3*c**2 + 2. Let m be v(2). Suppose -293 = -5*r + m. Suppose 2*g = -2*z + r - 73, 0 = 4*g - z - 216. Is g a prime number?
False
Suppose 81*p - 70*p - 18799 = 0. Is p prime?
True
Let h = 407 + -286. Let w = 1027 - 646. Suppose 4*s - w = -h. Is s composite?
True
Suppose -5*s - 596 = 134. Let h = s + 397. Is h composite?
False
Suppose -2*a = -1 + 3. Let r(j) = -2*j**3 + j**2 + 2*j + 1. Let i be r(a). Suppose 6*g - 652 = i*g. Is g a composite number?
False
Suppose 0 = 4*q + p - 0*p - 2340, 4*q + 4*p = 2340. Suppose 3*x - 734 = -5*g - 149, 3*x - 5*g = q. Is x + -3 + (2 - 3) a prime number?
True
Let t(v) = v**2 + 1. Let d be t(-2). Let j = -220 + 223. Suppose 0 = -d*n - j*u + 430, n + 2*n - 4*u = 287. Is n a prime number?
True
Let v = 311 - -19. Suppose -n + v = 4*n. Let z = n + 28. Is z a prime number?
False
Let w(a) = -2*a + 25. Let c be w(18). Is (-2)/c - (2 + 32534/(-22)) a composite number?
True
Let o(j) = 2*j**2 + 2*j - 2. Let k be o(-2). Suppose k*h + 0*h = 2*x + 1380, -2*h - x = -1377. Is h prime?
False
Let n(d) = 2*d**3 - 8*d**2 - 17*d - 1. Suppose 2*r - 9 = -5*b, -4*r + b = -3*b - 60. Is n(r) prime?
True
Suppose -7 = 4*w + 5. Let o be (-4 + 13)*106/w. Let k = -163 - o. Is k a composite number?
True
Suppose 18*n + 446794 = 52*n. Is n a prime number?
False
Suppose -2*c - 2 = -4. Let r be (3/6*0)/c. Suppose -2*d + r*d + 1338 = 0. Is d prime?
False
Let s(h) = -30*h**3 - 8*h**2 + h - 3. Let f be s(-4). Suppose -1811 = -4*b + f. Is b a composite number?
True
Suppose 5*z - 8080 = 5*s + 3615, -4*s - 3*z - 9370 = 0. Let p = 5984 + s. Is p prime?
True
Let f = -262 + -28. Let a = 447 + f. Is a a composite number?
False
Suppose 4*t + 324220 = 4*r, 10 = -2*t - 3*t. Is r composite?
True
Suppose q + q - 10 = 0. Suppose 2*a - 5*a + 8169 = -3*x, -q*x = a - 2723. Is a a composite number?
True
Suppose -8*l = -12*l + g + 20590, -l + g = -5149. Is l composite?
False
Suppose 0 = -4*r - 3*i + 50639, -3*r = 3*i - 23153 - 14827. Is r a prime number?
True
Is (1/3 + (-2616783)/(-468))*4 a prime number?
True
Suppose -1172 = -2*d + 222. Let t = d + -465. Let z = 371 - t. Is z a prime number?
True
Let y(x) = x**3 - 2*x**2 + 797. Let g = 89 - 89. Is y(g) a prime number?
True
Let n(r) = r**2 + 3*r. Let x be n(-7). Is 298/(-4)*x/(-2) composite?
True
Suppose -301 = -5*b - u + 2*u, -b - 3*u + 57 = 0. Suppose 5*q = -0*q + b. Is 706/18 + q/(-54) prime?
False
Let l = 217107 - 404. Is l composite?
False
Let w be (0 + -1 - -1)/(26 - 27). Let l(d) = -4*d**2 - d + 659. Is l(w) prime?
True
Suppose s = y - 2*y + 1632, 2*y - 3276 = 4*s. Let p = 436 + y. Is (1/3)/(6/p) a composite number?
True
Let m = 26388 + -14611. Is m prime?
True
Suppose 2*h - 6*h + 1296 = 0. Suppose -5*d - 10 = 0, 5*d - 929 = -3*f - h. Is f a composite number?
True
Suppose 1592081 + 1255121 = 86*o. Is o a composite number?
False
Suppose 5*j = 4*j - 44. Let l = -13 - j. Is l a composite number?
False
Let u = 48 + -46. Is (9792/(-22))/(-6) - u/11 a composite number?
True
Suppose -4*y + 4*m + 9800 = 0, -3138 = -3*y - m + 4224. Is y a composite number?
True
Let k(p) = 2449*p**3 + p**2 - p. Is k(1) prime?
False
Let f(g) = 1695*g**3 - g**2 - 2*g + 2. Let q be f(1). Suppose a - 5*p - 1535 = 141, p = -a + q. Is a prime?
False
Suppose -5*i = -5*a - 8226 - 18684, 3*i - 16147 = 4*a. Is i composite?
False
Suppose 3 = 3*w - 3. Suppose -w*o + 29 = -379. Let c = 55 + o. Is c composite?
True
Let k(g) = 2*g**2 + 10*g + 52. Let j be k(-21). Suppose 1219 = w - j. Is w composite?
True
Let h be (-4)/(0 + 0 + -2). Let v be h/8 + 9736/(-32). Let s = -193 - v. Is s composite?
True
Let u = -23378 + 33725. Is u prime?
False
Suppose -24 = -2*d + 3*p - 0*p, 38 = 3*d - 5*p. Suppose 3*s - 3*g + d*g = -24, -2*g - 31 = 5*s. Is 4 - (-139 - (-3 - s)) a composite number?
True
Let h(a) = -206*a**3 - 12*a**2 - 18*a + 1. Is h(-2) prime?
True
Suppose -5*d + 31737 = -4*h, -4*d + h + 12502 = -12892. Is d prime?
False
Let u(s) = 74*s + 2. Let m be u(1). Let q be (-1)/(-4) + m/16. Suppose -q*a - 139 = -524. Is a composite?
True
Is 2434 + -2*(-5)/(-10) - 4 a prime number?
False
Let q be ((-5)/2)/(-5)*8. Suppose 249 = 3*l - 3*x, 0 = 2*l + q*x - x - 186. Is l prime?
False
Is 4750 + 0/(-